*p + 1. What is m(8)?
17
Let a(y) = -y - 1. What is a(8)?
-9
Let f(j) = j**2 + 10*j - 5. Determine f(-6).
-29
Let d(s) = -s**2 - 19*s - 17. Calculate d(-18).
1
Let d(r) = r - 10. Determine d(0).
-10
Let f(t) = -2*t + 70. Calculate f(6).
58
Let c(l) = -l**3 - 7*l**2 - 2*l + 2. Calculate c(-7).
16
Let u(p) = 9*p. What is u(-1)?
-9
Let z(n) = -n**3 + n**2 + 2*n + 8. Determine z(4).
-32
Let i(p) = 2*p**2 - 20*p - 21. Calculate i(11).
1
Let d(f) = f - 4. Calculate d(5).
1
Let k(g) = 2*g + 4. Give k(14).
32
Let i(f) = -f**3 + 13*f**2 + 165*f + 59. Calculate i(21).
-4
Let a(k) = -18*k - 54. Determine a(-3).
0
Let k(u) = -u**2 + 5*u + 5. Give k(6).
-1
Let n(v) = 2*v**2 + 13*v. Calculate n(-10).
70
Let u(z) = -25*z**3 - 2*z**2 - 3*z - 1. What is u(-1)?
25
Let x(n) = n - 9. Determine x(6).
-3
Let g(u) = -u**2 - 33*u - 222. What is g(-23)?
8
Let u(p) = 6*p**2 + p + 2. Calculate u(-2).
24
Let q(w) = -w + 1. What is q(10)?
-9
Let z(q) = -q**2 + 3*q - 2. Give z(1).
0
Let u(v) = v**2 + 6*v + 1. What is u(-5)?
-4
Let c(o) = o**3 + 3*o**2 + 2*o + 4. What is c(-4)?
-20
Let y(b) = 18*b**2 - 1. Give y(-1).
17
Let o(d) = d**3 - 4*d**2 + 6*d - 6. Give o(4).
18
Let o(m) = 50*m + 19. Determine o(2).
119
Let d(z) = 9*z**3 - 11*z**2 - 6*z + 5. What is d(2)?
21
Let k(q) = q**3 + 5*q**2 - q + 14. Give k(-4).
34
Let k(f) = -2*f**3 - 3*f**2 + 7*f - 9. What is k(2)?
-23
Let d(m) = 2*m**3 + 16*m**2 - 1. Calculate d(-8).
-1
Let i(n) = -n**2 + 6*n + 3. What is i(3)?
12
Let f(x) = x**3 + 5*x**2 + 22*x + 47. Give f(-3).
-1
Let f(c) = 3*c - 1. Calculate f(-2).
-7
Let q(f) = -2*f. Give q(2).
-4
Let o(g) = -g**2 + 8*g - 11. What is o(12)?
-59
Let l(x) = 43*x**2 - 4*x - 4. What is l(-1)?
43
Let x(g) = -g**3 + 4*g**2 + 4*g + 4. What is x(5)?
-1
Let v(z) = -11*z - 28. Give v(-5).
27
Let n(f) = f + 2. What is n(0)?
2
Let k(j) = j - 13. Give k(11).
-2
Let v(j) = -j**3 + 8*j**2 + 14*j + 46. Determine v(10).
-14
Let w(z) = -2*z**3 - z**2 + 9*z + 20. Determine w(-2).
14
Let s(q) = -3*q + 48. Calculate s(18).
-6
Let b(g) = -g**3 + 4*g + 7. Determine b(-2).
7
Let o(j) = j**2 - j - 7. What is o(7)?
35
Let g(h) = -95*h - 4. What is g(-1)?
91
Let w(f) = 2*f - 30. Give w(13).
-4
Let w(n) = n**2 - 3*n - 6. Determine w(5).
4
Let t(n) = n**3 + 11*n**2 - 31*n - 51. What is t(-13)?
14
Let b(v) = -v + 27. What is b(14)?
13
Let b(h) = -h + 26. Calculate b(27).
-1
Let a(h) = h**3 + 47*h**2 + h + 39. Determine a(-47).
-8
Let p(y) = -12*y - 55. Calculate p(-5).
5
Let t(q) = -10*q - 1. Determine t(3).
-31
Let m(l) = -2*l + 13. Give m(8).
-3
Let t(v) = -v**2 - 14*v - 9. Calculate t(-14).
-9
Let o(k) = k**2 - 19*k - 22. Calculate o(19).
-22
Let h(o) = -o - 11. Give h(-12).
1
Let x(d) = d**3 - 23*d**2 - 2*d + 51. What is x(23)?
5
Let p(a) = 2*a**2 + 9*a - 18. Determine p(-6).
0
Let f(g) = -g**2 - 25*g - 19. Determine f(-23).
27
Let m(r) = r**3 - r**2 + r + 28. What is m(0)?
28
Let s(n) = -15*n + 74. What is s(7)?
-31
Let f(u) = -3*u**2 + 5*u - 7. Give f(2).
-9
Let u(o) = 33*o**3 + o**2 - o. Calculate u(1).
33
Let c(i) = i**2 - 18*i - 21. Give c(15).
-66
Let c(j) = j**2 - 7*j - 5. What is c(8)?
3
Let a(q) = q**3 - 32*q**2 + 32*q - 38. Calculate a(31).
-7
Let k(x) = x**3 - 3*x**2 + 9*x - 46. What is k(4)?
6
Let o(l) = 3*l + 26. Give o(8).
50
Let n(z) = -15*z - 56. Determine n(-4).
4
Let h(r) = r**2 - 7*r + 18. Calculate h(5).
8
Let u(c) = -17*c - 4. Give u(-3).
47
Let j(m) = -2*m**2 - 7*m - 4. Calculate j(-4).
-8
Let x(r) = -r**2 - 10*r + 1. What is x(-8)?
17
Let t(z) = z**3 - 10*z**2 - 22*z - 21. Calculate t(12).
3
Let j(i) = i**2 + 5*i - 24. Give j(-8).
0
Let k(b) = -2*b**3 - 4*b**2 + b + 2. Determine k(-3).
17
Let f(n) = n**3 + 3*n**2 + 3*n. Give f(-2).
-2
Let v(m) = 5*m + 16. Give v(-3).
1
Let l(q) = 5*q + 5. What is l(3)?
20
Let i(a) = 3*a - 30. Give i(8).
-6
Let j(g) = 3*g + 5. Calculate j(2).
11
Let t(y) = y - 17. Calculate t(11).
-6
Let m(x) = x**2 - 4*x + 1. Determine m(2).
-3
Let t(i) = 4*i + 6. Determine t(-6).
-18
Let q(h) = -3*h**2 - 16*h - 17. Calculate q(-2).
3
Let m(s) = -18*s**2 + s - 1. What is m(1)?
-18
Let g(q) = -q - 2. Determine g(0).
-2
Let w(p) = -p**2 + 17*p - 62. Calculate w(16).
-46
Let g(o) = -o**3 - 32*o**2 - 192*o - 1. Give g(-24).
-1
Let m(a) = -7*a**3 + 3*a**2 - 4*a + 2. Give m(2).
-50
Let m(d) = 2*d**3 - 64*d**2 + 65*d - 87. Give m(31).
6
Let p(c) = -c**3 + c**2 - 2*c - 23. Calculate p(0).
-23
Let f(k) = k - 20. What is f(10)?
-10
Let f(m) = -2*m + 2. Calculate f(-4).
10
Let d(l) = 36*l**2 + 3*l - 5. Give d(1).
34
Let y(x) = x**3 - 17*x**2 + 18*x - 27. Give y(16).
5
Let l(k) = k**3 + 11*k**2 - 63*k. What is l(4)?
-12
Let r(z) = -2*z + 14. Give r(4).
6
Let q(r) = r**3 - 7*r**2 + 3*r + 16. Give q(6).
-2
Let w(h) = -13*h**3 + h**2 + 2*h - 3. Give w(2).
-99
Let q(i) = -58*i + 2. Calculate q(-2).
118
Let r(f) = 15*f - 72. What is r(5)?
3
Let b(v) = 5*v**2 + 3*v - 7. What is b(-4)?
61
Let d(h) = h**2 - 9*h + 3. Determine d(6).
-15
Let u(h) = 11*h - 49. Give u(5).
6
Let y(q) = -q**3 - 6*q**2 + q + 2. Calculate y(-6).
-4
Let h(x) = x**3 - 15*x - 20. What is h(0)?
-20
Let z(c) = 5*c - 78. What is z(7)?
-43
Let i(d) = -d**2 + 21*d + 44. Give i(23).
-2
Let l(n) = -5*n + 58. Calculate l(15).
-17
Let k(h) = -h**2 - 22*h - 94. Calculate k(-16).
2
Let o(i) = 7*i - 75. Determine o(11).
2
Let k(y) = 4*y**2 - 13*y - 13. Give k(-1).
4
Let x(n) = n**2 + 3*n + 1. Determine x(-6).
19
Let z(r) = -10*r**2 - 2*r + 1. What is z(1)?
-11
Let i(m) = 3*m + 8. Give i(-3).
-1
Let v(c) = c**2 - 3*c - 31. Determine v(6).
-13
Let u(d) = d**2 + 4*d - 138. What is u(11)?
27
Let m(w) = w**2 + 19*w + 25. What is m(-18)?
7
Let h(v) = -v**3 + 3*v**2 - 7*v + 2. Give h(4).
-42
Let n(b) = b**2 + 6*b - 59. What is n(5)?
-4
Let c(a) = 4*a + 3. What is c(-3)?
-9
Let n(h) = -h**3 + 10*h**2 + 7*h + 30. Calculate n(11).
-14
Let v(a) = -a**3 - 9*a**2 + 9*a - 8. Calculate v(-9).
-89
Let s(g) = -g**3 + 21*g**2 + 5*g - 30. What is s(21)?
75
Let j(x) = -x**3 + 15*x**2 - 35*x - 4. Give j(3).
-1
Let l(c) = -c**2 + c + 34. Give l(6).
4
Let r(h) = -3*h**2 + 90*h + 13. What is r(30)?
13
Let w(n) = 13*n**2 - n - 2. What is w(-2)?
52
Let b(s) = s**3 - 5*s**2 - 3*s - 8. Determine b(6).
10
Let i(p) = p**2 + 3*p - 64. What is i(7)?
6
Let v(a) = a**3 + 15*a**2 + 9. Determine v(-15).
9
Let c(d) = -4*d - 9. What is c(-5)?
11
Let i(s) = s - 20. Determine i(22).
2
Let p(q) = 99*q + 88. Calculate p(-1).
-11
Let b(k) = -2*k**3 + 19*k**2 + 8*k + 25. Give b(10).
5
Let k(y) = y**2 - 13*y + 14. Calculate k(11).
-8
Let v(o) = -o**3 + 2*o**2 - o + 2. Determine v(2).
0
Let c(h) = h + 2. What is c(-7)?
-5
Let r(x) = 12*x**3 + 4*x + 5. Determine r(-2).
-99
Let o(q) = -2*q**2 + 14*q + 7. What is o(8)?
-9
Let a(o) = -o**3 - 4*o**2 - 7*o - 2. What is a(-5)?
58
Let o(d) = d**3 + 7*d**2 + 5. Determine o(-7).
5
Let m(u) = -u**3 + 5. Calculate m(-2).
13
Let y(j) = 34*j - 8. What is y(0)?
-8
Let s(l) = -6*l - 39. What is s(4)?
-63
Let n(g) = -g**3 - 7*g**2 + 11*g + 21. Determine n(-8).
-3
Let h(t) = 2*t**2 - 15*t - 2. Calculate h(9).
25
Let i(q) = 5*q**2 + 3*q - 2. Give i(1).
6
Let l(k) = k**3 - 11*k**2 + 30*k - 14. What is l(7)?
0
Let r(s) = -s**3 + 5*s**2 + s - 2. Give r(7).
-93
Let v(o) = -o**3 - 19*o**2 + 20*o. Give v(-20).
0
Let s(d) = 13*d + 57. Determine s(-5).
-8
Let v(l) = l**2 + 8*l + 13. Calculate v(-3).
-2
Let b(a) = 10*a - 7. Give b(4).
33
Let g(o) = 36*o + 330. Give g(-10).
-30
Let s(f) = f**3 - 7*f**2 - 7*f - 7. Give s(8).
1
Let a(p) = 32*p - 94. What is a(3)?
2
Let i(u) = 5*u**2 + 47*u + 88. Calculate i(-7).
4
Let v(f) = 2*f**2 - 18*f - 9. What is v(8)?
-25
Let h(l) = l**2 + 12*l - 16. Give h(-11).
-27
Let y(q) = -30*q - 251. Give y(-8).
-11
Let c(h) = -h**2 + 7*h + 34. Calculate c(10).
4
Let f(y) = -y**3 - 10*y**2 + 13*y + 26. What is f(-11)?
4
Let g(s) = -5*s - 2. Give g(6).
-32
Let u(s) = -3*s**2 + 12*s - 7. Calculate u(3).
2
Let f(w) = -w**2 - 3*w + 6. Calculate f(4).
-22
Let w(c) = -5*c**2 + c + 14. Determine w(-5).
-116
Let h(t) = t**2 + 4*t + 8. Determine h(6).
68
Let h(g) = g**2 - 8*g + 15. What is h(7)?
8
Let n(w) = 2*w**2 - 15*w - 3. Determine n(7).
-10
Let z(x) = -x**3 + 8*x**2 + 2. What is z(8)?
2
Let g(t) = 2*t + 7. Determine g(0).
7
Let h(f) = -59*f - 1. Determine h(-1).
58
Let x(j) = -j**3 - j - 6. What is x(0)?
-6
Let q(i) = -2*i